6*o - 1. Let g(a) = 4*q(a) - w(a). Suppose 0 = -5*h + 6 + 19. Suppose h*b + 9 = d - 0*d, 5 = -5*d. What is g(b)?
5
Let w(f) be the first derivative of -f**3/3 - f**2 + f - 18. Suppose 3*q = -4*z - 21 + 4, -q + 2*z = -1. Calculate w(q).
-2
Let f(o) = 4 + 2 - o + 0*o. Let p be (-180 - 0)*(-24)/60. Let w = -66 + p. What is f(w)?
0
Let t(f) = -3*f + 21424 - f**2 - 3*f - 21438. Give t(-6).
-14
Let u(c) be the second derivative of c**5/20 - 7*c**4/12 + 4*c**3/3 - 13*c**2/2 + 94*c - 2. Give u(6).
-1
Let o = -362 - -374. Let v(z) = z**3 - 12*z**2 - z + 13. Calculate v(o).
1
Let z(o) = -o. Suppose j - l = l - 9, 2*j = -4*l - 2. Let y be (4/3)/(j/15). What is z(y)?
4
Let o(h) = -4*h + 3*h - 4*h + 4*h. Suppose 100 = -0*d - 25*d. Calculate o(d).
4
Let g = -263 - -262. Let f(b) = -2*b**3 + b**2 - b - 1. Calculate f(g).
3
Let p(g) = 6*g - 3. Let j = -34 + 21. Let q = -13 - j. Suppose q*i - 12 = -4*i. Give p(i).
15
Let j(c) = 5*c - 1. Let v(d) = 26*d - 6. Let z(i) = 16*j(i) - 3*v(i). Suppose -2*b = 5*y + 3*b + 20, 0 = -3*y + b - 8. What is z(y)?
-4
Let z(f) = -3*f + 68 - 160 + 45 + 61. What is z(3)?
5
Let s be 3/((-6)/(-4)) - (0 + 6). Let m = -3 + 7. Let q(d) = 2*d - d**2 - 5 - 2*d**2 + m*d**2. Calculate q(s).
3
Let q(c) = 11*c + 1. Suppose -2*v - 8 = -4*h + 18, -33 = -3*h - 3*v. Let a be 1/(4*2/h). Give q(a).
12
Let l(p) be the first derivative of 2*p**3/3 + 5*p**2/2 + 3*p + 11. Suppose 0*q - q = 0. Suppose 5*j + y = -13, -3*j + q*j = 5*y - 1. Give l(j).
6
Let g(v) = -v**2 - 2. Suppose -2*p + 5*w = 5, 2*p + 3*w = 6*w - 3. Let f be (-3)/(-1 - p) + -1. Suppose -f*a = 6 - 2. Calculate g(a).
-6
Let n(a) = 5*a. Let m = -6 + 8. Let t be (1/m)/((-2)/4). Determine n(t).
-5
Suppose -9 = 3*w + 2*j, 0 = -5*w - 2*j - 15 - 0. Let k(b) = 4*b**2 + 4*b + 1. Give k(w).
25
Let t(k) = -7*k**2 - 5*k - 9. Suppose 3*g + g + 16 = 0, g = -2*a + 8. Let h(c) = -15*c**2 - 10*c - 19. Let z(d) = a*h(d) - 13*t(d). Determine z(-5).
3
Let r = -17 - -17. Let p(l) = r*l - 49 - l**3 - 3*l**2 - 3*l - 2*l**2 + 54. Let t be 3/(-1 + (-1)/(-4)). Calculate p(t).
1
Let z(p) be the third derivative of p**4/3 + 44*p**3/3 + 221*p**2. What is z(-11)?
0
Let j(w) = w**2 - 6*w + 2. Let s be (-3 + (-7)/(-2))*-48. Let f be ((-3)/(-4))/(6/s). Let p = f + 8. Give j(p).
-3
Suppose -2 = -5*y - 4*r, 0*y + 16 = 5*y - 3*r. Suppose 0 = -y*k + 7*k - 15. Let a(h) = 15*h**2 + 2*h - 12*h**2 - 2 - 9*h**3 + 8*h**k. Give a(2).
6
Let u(f) = 0*f + f - 4*f + 2*f. Let n be u(-13). Let q(s) = n - 3*s + 0*s - 5 + 4*s. Determine q(0).
8
Let h(p) = -802*p + 2 + 5 + 804*p. Give h(-6).
-5
Let g(p) = p**3 - p**2 - p + 2. Let r be g(0). Let u be (-27)/7 - (52/(-28) + r). Let k(i) = 2*i**2 - 2*i - 1 - 3*i**2 + 2. Give k(u).
-7
Let f = -83 + 89. Let x(j) = j**2 - 8*j + 8. Determine x(f).
-4
Let r be (-2)/(-10) - (-130)/(-25). Let t(v) = 7*v + 6. Let q(a) = -4*a - 3. Let d(x) = r*q(x) - 3*t(x). Let l(i) = 5*i + 36. Let j be l(-8). Calculate d(j).
1
Let m(g) = -g**3 - 2*g. Let y be (1 - 11)*2/(-5). Let x(i) = i**2 - 3*i - 2. Let z be x(y). Give m(z).
-12
Let a(d) be the first derivative of d**3/3 - 5*d**2/2 - 48. Let w(g) = -3*g - 10. Let j be w(-7). Suppose 3*h = j + 4. Give a(h).
0
Let o(q) = -2*q**2 - 47*q - 240. Let f be o(-16). Let n(w) = 2*w + 2 - 3*w - w**2 + 0*w**2. Give n(f).
2
Let c(g) = -2*g + 25. Let l be (-9 - 729/(-72))*8. Calculate c(l).
7
Suppose -8 = -2*v + 4*v. Let r(c) = 7 - 424*c**3 - 2*c - 4*c + 5 - 5*c**2 - 17 + 423*c**3. Give r(v).
3
Let q(o) = -o. Let r(x) = -7*x - 1. Let t(k) = 3*q(k) - r(k). Calculate t(2).
9
Let t(j) = -7*j - 3. Suppose 1093*c = 1080*c - 26. Determine t(c).
11
Suppose -2*s + 8 = -k, -3*s = -6*s + 5*k + 19. Suppose 3*d + 13 = -2*j - 8, -s*j = -d - 18. Let w(p) = -p**2 - 9*p + 4. Give w(d).
4
Suppose -28*f - 258 + 6 = 0. Let y(q) = -3*q - 13. Determine y(f).
14
Let g = -36 - -38. Let b(j) = 5*j**g - 7 + 279*j - 275*j + 1 - j**3. Give b(5).
14
Let f(a) be the first derivative of -a**2/2 - 6*a - 11. Let o be f(-2). Let y(j) be the first derivative of -j**4/4 - 5*j**3/3 - 3*j**2 - 3*j - 2. Give y(o).
5
Let q(r) = -r**2 + 5*r - 2. Let j = 107 - 103. Determine q(j).
2
Let g(l) = -13*l**2 + 35*l**3 - 12*l - 36*l**3 + 18 - 7. Give g(-12).
11
Let z(g) = 9*g + 2. Let w be -1 + 1 + 4/12*-3. Let i = w - -3. Calculate z(i).
20
Let c = 692 + -693. Let d(m) = -18*m. Calculate d(c).
18
Suppose 14 = -79*y + 81*y. Let o(v) = v + 2. Calculate o(y).
9
Let a(q) = 7*q**3 + 12*q**2 + q - 5. Let m(c) = c**3 + c**2. Let t be (-40)/6 - 2/(-3). Let g(u) = t*m(u) + a(u). Let p = 12260 + -12266. What is g(p)?
-11
Let x(n) = n**3 + 5*n**2 - n - 8. Let t be x(-5). Let s be -6 - (t + 2 + -1). Let y(z) be the first derivative of -z**2/2 - 5*z + 1. Calculate y(s).
-1
Suppose 5*m = 2*l - 26, -l - 5*m + 2 - 19 = 0. Let z(o) = 4*o + 2*o**2 - 8*o**3 + l*o - 8*o. Suppose 2*c - 3*i = -4*i, 0 = 2*c + 3*i + 4. Determine z(c).
-7
Let x be 3 - 4 - (-9)/3. Let l(t) = t + t - t**x + 1 - 3 - 5*t. Suppose 2*k + 4*b = -16, -k = 2*b + 3*b + 17. Calculate l(k).
0
Suppose -61*n = -126 - 57. Let m(f) = -3*f**2 + f + 1. Calculate m(n).
-23
Let b(g) = -6*g**3 - 10*g**2 - 4*g - 13. Let t(p) = -5*p**3 - 10*p**2 - 2*p - 12. Let n(a) = 6*b(a) - 7*t(a). Determine n(9).
-3
Let y(k) = -7*k**2 + k - 2. Let j(w) = -6*w**2 + 2*w - 3. Let g(s) = 6*j(s) - 5*y(s). Determine g(6).
-2
Let i(f) be the third derivative of -f**5/60 - f**4/4 - f**3/2 - f**2 - f. Let a be (-4)/10 + (-12)/(-5). Let n be (-8)/(-3)*(-3)/a. Give i(n).
5
Let g be 1/(-2) - (-13)/(-2). Let m(v) = -53*v + 6 + 106*v - 51*v. Calculate m(g).
-8
Suppose h = 4*h. Let r(d) = 14*d + 15. Let a(b) = -1. Let y(i) = -2*a(i) - r(i). Let z(s) = -5*s - 4. Let x(n) = 6*y(n) - 17*z(n). Give x(h).
-10
Let m(i) = i**2 - 6*i + 5. Let d be m(5). Let s(j) = -14 - 4*j**2 - 4 + 21 + 7 + 5*j**2. Give s(d).
10
Suppose 0 = 26*f - 24*f - 12. Let d(j) = 4*j**3 - 8*j**2 + 2*j - 4. Let w(m) = 7*m**3 - 15*m**2 + 4*m - 7. Let v(a) = f*w(a) - 11*d(a). Calculate v(-2).
6
Suppose -u + 5*u - 8 = 0. Let g(q) = q + 19. Let y(i) = 2*i + 19. Let j(s) = u*y(s) - 3*g(s). Let l be j(16). Let t(o) = 2*o - 3. Determine t(l).
-9
Suppose c = -0 + 3. Suppose -18 = -3*y - c*y. Let n(o) = 1 - 3*o**2 + 0*o**2 + o**3 - o**2. What is n(y)?
-8
Let d(c) be the third derivative of 0*c - 17*c**2 + 0 - 1/60*c**5 - 2/3*c**3 + 5/24*c**4. Let x be (4 + 2/(-1))*2. Calculate d(x).
0
Let b(s) = -s**2 + s. Let o(m) = 4*m**2 + 4*m + 5. Let u(x) = -3*b(x) - o(x). Let t(i) = -4*i - 2*i**3 + i - i + i**2 + 3*i**3. Let a be t(-3). What is u(a)?
1
Let q(m) = m**2 - 9*m + 6. Let b = 132 - 125. Calculate q(b).
-8
Suppose 4*n - 3*y - 20 = 0, n + 4*n + 2*y = 2. Suppose -95 = -24*v + 1. Suppose n*b + 6 = -5*k, v*k - 12 = 4*b - 0*b. Let u(s) = s**2 - s - 2. Determine u(k).
-2
Let a(s) = -s**2 - 12*s - 8. Let d be a(-11). Let t(i) = 4*i**2 - 2*i - 4. What is t(d)?
26
Let s(p) be the second derivative of p**6/12 - p**5/30 - p**4/12 - p**3/6 + 9*p**2/2 + 4*p. Let m(g) be the first derivative of s(g). Calculate m(-1).
-11
Suppose 10*s - 63 = 7. Suppose -8*i = -s*i + 6. Let o(l) = l**3 + 7*l**2 + 7*l + 9. Give o(i).
3
Let o(a) = a + 1. Suppose 5*w - 14 = 2*h + 2*h, -3*w + 11 = -5*h. Let s(g) = 2*g + 6. Let j(f) = h*s(f) + 3*o(f). Determine j(5).
2
Let r(v) be the first derivative of 0*v + 4/3*v**3 + 6 - 5/24*v**4 + 0*v**2 - 1/120*v**5. Let k(s) be the third derivative of r(s). Calculate k(-4).
-1
Let i(z) be the first derivative of z**5/60 + z**4/12 - 5*z**3/6 - 8*z**2 - 26. Let y(s) be the second derivative of i(s). Give y(-4).
3
Let m(q) = 4*q - 18 - 1 - 5*q + 13. Let f be 9/(-12)*(-1 + 5). What is m(f)?
-3
Let j(k) = 6*k + 29. Let b be (-75)/21 - 201/469. What is j(b)?
5
Let t(l) = -l**3 + 5*l**2 - 7*l + 6. Suppose 0 = 2*g + 4*w + 8, -6*g + g + 4*w = -36. What is t(g)?
-6
Let z(s) = s**3 + 5*s**2 + 2*s - 4. Let f be z(-4). Suppose f*j = -0*j + 12. Let n(d) = 3 + 13*d**2 + 4*d - 9*d**2 + 3*d**j - 2*d**3. Determine n(-3).
0
Let p = -27 + 30. Let l(v) be the third derivative of v**4/4 + v**3/2 - 15*v**2. Give l(p).
21
Let z(w) be the third derivative of -w**5/60 + 3*w**4/8 - 3*w**3/2 - 82*w**2. Determine z(7).
5
Let v = -21 - -28. Let a(j) = 4*j**2 - j - 10*j**2 + v*j**2 + 5*j. Give a(-3).
-3
Let n(z) be the third derivative of 0 + 5*z**2 + 1/20*z**5 - 1/120*z**6 + 2/3